-3*u**3 + 5*u**2 + 3*u. Let l(b) = 4*n(b) - 5*r(b). Determine l(-4).
-4
Let k(r) = -r**3 + r**2 - r + 1. Let h(f) = -3*f**3 - 3*f**2 + 9. Let n(g) = h(g) - 2*k(g). Give n(-5).
-3
Let x(q) = q - 6. Suppose 0 = -5*t + 46 + 19. Suppose 3*g + 2*g = c - t, -c - 3*g + 5 = 0. Suppose 24 = c*h - 3*h - m, m = 1. What is x(h)?
-1
Let s(z) be the first derivative of -z**4/24 - 5*z**3/6 + z**2 - 1. Let j(t) be the second derivative of s(t). What is j(-4)?
-1
Let i(q) = q + 8. Suppose -2*c = -5*c + 18. Give i(c).
14
Let m(x) = 7*x**3 + 11*x + 6. Let u(f) = -f**3 + f**2 - f - 1. Let o(j) = m(j) + 6*u(j). What is o(-5)?
0
Let d(b) be the second derivative of b**5/24 - b**4/24 + b**3 + 6*b. Let u(t) be the second derivative of d(t). Give u(1).
4
Let g(k) = k**3 + 8*k**2 - 9*k. Let f be g(-9). Let h be -2 + f - (3 + -4). Let q(p) = 4*p**2 - 2*p - 1. Determine q(h).
5
Let d(y) = -3*y**3 + 4*y**3 + 0*y**2 - 6*y + 4*y**2. Let p be d(-5). Suppose p*f + 3 = 2*f. Let m(s) = 3*s**2 + s + 1. Give m(f).
3
Let m(a) = -23*a**2 - 3*a**3 - 2 + a**3 + 21*a**2 + a. Calculate m(-2).
4
Let x(b) = 3*b + 6. Let t(r) = 4*r + 7. Let m be 3/(-2 - 1)*5. Let l(k) = m*x(k) + 4*t(k). Determine l(8).
6
Let n(h) = h**3 - 3*h**2 + 4*h - 2. Let d = -7 - -21. Let y be d/6 + (-2)/6. Determine n(y).
2
Let n(o) = -2*o**3 - 5*o**2 - o + 1. Let p(z) = -z**3 - 1 + 18*z**2 - 18*z**2 - z. Let s(w) = n(w) - 3*p(w). Give s(3).
-8
Let w(g) = -16*g + 10. Let c(l) = -3*l + 4. Let j be -1 - -1 - 1/1. Let p(t) = t - 1. Let i(b) = j*c(b) - 6*p(b). Let n(s) = -11*i(s) + 2*w(s). Calculate n(2).
0
Suppose -6*j = -2*j + 28. Let b = j + 3. Let p(n) = -3 + 3 - n**3 - 5*n**2 - 5*n. Give p(b).
4
Let d(h) = 11*h**3 - 4*h**2 + h - 1. Suppose 0 = -4*s - s - 10. Let i(g) = 10*g**3 - 3*g**2 - 1. Let v(r) = s*d(r) + 3*i(r). Suppose -4*c - 4 = -0*c. Give v(c).
-8
Let w(f) = -2*f**3 + 2*f**2 - f + 1. Let r be w(2). Let h = 1 + r. Let y = h + 4. Let l(x) = 2*x + 2. Determine l(y).
-6
Let y(p) = p + 2. Let i = 5 - 9. Let r be y(i). Let q = r - 2. Let l(g) = -g**2 - 6*g - 3. What is l(q)?
5
Let h(l) be the third derivative of l**4/12 + l**3/6 + l**2. Let j(i) = -3*i - 2. Let m(q) = -8*h(q) - 5*j(q). What is m(5)?
-3
Let i(u) = -u**3 - 6*u**2 - 5*u - 2. Let c be (-14)/3 - 9/27. Calculate i(c).
-2
Let b(r) be the first derivative of r**4/4 - 4*r**3/3 - 2*r**2 + 4*r - 6. Calculate b(5).
9
Let q(m) = m**3 - 4*m**2 - 2*m - 4. Suppose -2 = -2*h - 0. Let y be -5*(-1)/(h + 0). Calculate q(y).
11
Let u(z) be the first derivative of -1/2*z**2 - 8*z + 4. Calculate u(-4).
-4
Let s(p) = p**2 + 3*p. Let y(h) = -2*h**2 - 3*h + 1. Let v(b) = 3*s(b) + 2*y(b). Give v(3).
2
Let c(o) = -2*o + 5. Let k(w) = w. Let v be k(2). Let m be 6/v - (-6 + 3). Let b(j) = -j**2 + 6*j + 5. Let q be b(m). Calculate c(q).
-5
Suppose 0 = -2*d + 4, 4*n + 2*d - 19 = -n. Let k(p) = 3*p**2 - 4*p**3 - 8*p - 4 + p**2 + n*p**3 - 11*p**2. Determine k(-6).
8
Let t(w) = w**3 - w - 8. Let v = 0 - 2. Let n = -2 - v. Calculate t(n).
-8
Let m(u) = -5*u**3 + u**2 - 2*u + 1. Let j(b) = b**2 - 3*b**2 + 3*b**2 + 9*b + 9. Let w be (-26)/3 + 4/6. Let a be j(w). What is m(a)?
-5
Let j(l) = l + 0 - 5*l + 0*l**2 + 1 - l**2. Calculate j(-2).
5
Let m(i) be the second derivative of i**8/6720 + i**7/2520 + i**4/12 - 3*i. Let y(n) be the third derivative of m(n). Determine y(-2).
-4
Let f(l) = -l**3 - l + 1. Let d(r) = r**3 - 3*r**2 - 1. Let s(k) = d(k) + 2*f(k). Suppose -5*o + 14 = -2*z - 3*o, 4*z + 3*o = 7. What is s(z)?
1
Let u(s) = -3*s**2 - 9*s - 1. Let l(w) = -7*w**2 - 19*w - 1. Let c(i) = -2*l(i) + 5*u(i). What is c(-5)?
7
Let y(d) be the second derivative of -3/2*d**2 - 2*d - 5/6*d**3 - 1/12*d**4 + 0. Determine y(-4).
1
Let b = -3 - -2. Let z be 3/(6/b)*10. Let r(s) = -s - 2. Determine r(z).
3
Suppose -2 = -2*p + 5*s - 0*s, -5*p + 2*s - 16 = 0. Let m(w) = w**2 + 2*w + 2. Give m(p).
10
Let d(o) be the third derivative of -o**7/2520 + o**5/40 - o**4/24 + 4*o**2. Let a(p) be the second derivative of d(p). Give a(0).
3
Let s(i) be the first derivative of -i**4/24 + i**3/6 + 7*i**2/2 + 4. Let o(n) be the second derivative of s(n). What is o(5)?
-4
Let j(n) = 2*n**2 + 2*n - 5. Let k(l) = 6*l**2 + 5*l - 14. Let w(a) = 8*j(a) - 3*k(a). Let m be (-9)/4*(-48)/18. Let i be (-4)/(-3)*m/4. Give w(i).
-4
Suppose -2*s = -6*s + 3*o + 116, -4*o + 48 = s. Suppose -i = 2*z + 3, 5*i - s = 5*z + 13. Let n(a) = 5*a + 7 - 1 - a**2 + 2*a**2. Give n(z).
2
Suppose -f + 5*f = 12. Let b(i) = i + 3*i + f - 3*i. Let u be 1 - (12/2 + -1). Give b(u).
-1
Let u(a) = -a**3 + 3*a**2 + 4*a - 3. Let x = 6 - 1. Let h = x - 2. Determine u(h).
9
Let m(x) = x**2 + 4*x. Let r be (-2)/(-9) - (-68)/18. Let f = r + -7. Determine m(f).
-3
Let i(t) = 13*t - 28. Let b(r) = -7*r + 15. Let u(f) = 11*b(f) + 6*i(f). Determine u(0).
-3
Let f(b) = b + 2. Let x(n) = n + 4. Let l(d) = 6*f(d) - 5*x(d). Suppose -5*k - 9 = 2*s + 2*s, -3*s = -5*k - 37. What is l(s)?
-4
Let f(a) = 2*a**3 - 2*a**2 - a - 2. Let u be 132/(-20) + (-2)/5. Let y = u + 9. Give f(y).
4
Let d(g) be the second derivative of 5/12*g**4 + 3*g - 1/2*g**3 + 0 + 3*g**2 - 1/20*g**5. What is d(5)?
-9
Let n = 17 + -14. Let l(j) = j**3 - 2*j**2 - j + 4. Determine l(n).
10
Suppose -2 = r - 3. Let y(s) = -3*s + s + r + s. Let a(h) = -h + 11. Let n be a(6). Give y(n).
-4
Let g(d) = d**3 - 6*d**2 + 3*d - 8. Let q(v) = 5*v**2 - v. Suppose 3*y - 6 = 3*k, -2 = 5*k - 3*y + 6. Let u be q(k). Give g(u).
10
Let f be -3 + 10/(-12) + 4. Let p(n) be the third derivative of 0*n + 0*n**5 - f*n**3 - 3*n**2 + 1/120*n**6 + 0*n**4 + 0. Give p(0).
-1
Let z(d) = -5*d + 10*d - 16*d. Give z(-1).
11
Let v(w) = -9*w**2 + 1. Let o(t) = -3*t - 2. Let z be o(-2). Suppose -15 = -5*b - z*u, -5*b + u = -u + 15. Calculate v(b).
-8
Let j(r) = 2*r - 5. Let p = 14 - 8. Calculate j(p).
7
Let o(d) = -d + 2. Let f(n) = n - 3. Let m(a) = -4*f(a) - 6*o(a). Let y be (1/2)/((-2)/(-24)). Suppose -u = -y*u + 5. Give m(u).
2
Let f(q) = q**2 + 5*q - 5. Suppose 4*y - 19 = -3. Let p be -2 + -9 + 2/2. Let k = y + p. Determine f(k).
1
Let v(u) = 14*u + 6. Let f(b) = 5*b + 2. Let t(g) = 17*f(g) - 6*v(g). Give t(2).
0
Let a(l) = l**2 + 2*l - 3. Let r be a(-4). Let p(i) = i - 3. Determine p(r).
2
Let i(a) = -a**3 + 2*a**2 + a - 2. Let q(j) = j**2. Let h(r) = -i(r) + 2*q(r). Determine h(-2).
-4
Suppose 3*z - 3 = 2*z. Let d(j) = 0*j**2 + 11 - 4 + 3*j + 3*j + j**z - 6*j**2. What is d(5)?
12
Let a(o) = -o - 6 + 5 - o. Let r(n) = n + 2. Let j be r(0). Suppose 5*x - 3*g = -1, 5*g - j = 8. Give a(x).
-3
Suppose 9*n + 84 - 3 = 0. Let k(r) = -r**3 - 9*r**2 - 10. Give k(n).
-10
Suppose 51 = 2*c + c. Suppose 3*f = -6*a + a - c, -f = -5*a - 21. Let z(b) = 8*b**3 + b - 1. Give z(f).
8
Suppose -4*z + 3*z + 2*y + 1 = 0, -5*z = -3*y - 26. Let s(k) = -k - 6. Calculate s(z).
-13
Suppose -1 = 3*r + 8. Let n(q) = -q - 1. Give n(r).
2
Let i(c) be the first derivative of -c**3/3 - c**2/2 + c + 27. Give i(0).
1
Suppose 3*i - 12 = -i + 4*n, 3*i - n = 7. Let a(q) = -q**3 + 5*q**2 - 1 + i*q + 2*q**3 + 1 - 4. Give a(-3).
8
Let z(t) be the first derivative of 5 + 1/2*t**2 - 1/3*t**3 + 4*t - 1/4*t**4. Give z(0).
4
Suppose 4*u + 3*q + 16 = -u, 0 = -4*q - 8. Let a(i) = -i**2 - 1. Let h = -5 - -6. Let g(k) = 4*k**2 - k + 7. Let z(n) = h*g(n) + 6*a(n). What is z(u)?
-5
Let y(a) = -a**3 + 5*a**2 - 3*a - 1. Suppose 0 = -m + 4 - 2. Suppose -2*u + d - 13 = -5*u, m*d = -3*u + 14. Determine y(u).
3
Let l(v) = -6*v - 2. Let p = -6 - -8. Give l(p).
-14
Let k(m) be the first derivative of m**3 + 1/2*m**2 + 2*m - 2 - 1/4*m**4. What is k(2)?
8
Let k(d) = 4. Let j(x) = x + 1. Suppose -2*a + 16 = -6. Suppose 0 = 5*r - 2*b - 2*b - a, 0 = -4*r + 3*b + 8. Let u(g) = r*k(g) + 2*j(g). Calculate u(2).
2
Let j(l) = -l - 1. Let s(c) = c - 3. Let a be s(0). Let p be ((-2)/4)/(a/6). Let f(k) = -5*k - 6. Let i(b) = p*f(b) - 4*j(b). Determine i(-5).
3
Let o(v) = v + 1. Suppose 13*m = 12*m - 15. Let h = m + 14. What is o(h)?
0
Let h = 14 - 13. Let c be (h*(-8 + 3))/(-1). Let r(n) = 7*n - 6. Let b(q) = -13*q + 12. Let g(a) = 6*b(a) + 11*r(a). Give g(c).
1
Suppose 3*c - 8 = 1. Let a be 64/28 + 4/(-14). Let i(g) = g**2 + 1 - 3 + g**a - 3*g. Determine i(c).
7
Let q = -3 - -3. Suppose q*l = l. Suppose l*g + 4*g + 20 = 0. Let n(c) = c**2 + 5*c + 6. Determine n(g).
6
Let x(l) = -2*l + 1. Le